4*q + 2*d = -5080, 3*d = -q + 691 + 579. What is the thousands digit of q?
1
Suppose 1 = -3*x - 8. What is the tens digit of (31 - x) + 3/1?
3
Suppose 4*p = 5*p - 3. Suppose p*v = -3*c + 15, -4*c - 3 = 2*v - 7. Suppose -98 - 230 = -v*h. What is the units digit of h?
1
Suppose -a = 4*y - 7, 9 - 44 = -5*y + 4*a. Suppose -w + 80 = v, -3*v + 88 = -2*w + y*w. What is the tens digit of w?
7
Let g(m) = -m**3 - 15*m**2 - 24*m - 72. What is the tens digit of g(-14)?
6
Let o(c) be the second derivative of -c**4/12 - 5*c**3/6 + 3*c**2/2 - 5*c. What is the units digit of o(-4)?
7
Suppose 3*m = -6 + 24. Suppose -14 = -y + m. What is the units digit of y?
0
Let x(i) = -17*i - 15. Let c(t) = 9*t + 8. Let a(m) = -11*c(m) - 6*x(m). What is the tens digit of a(5)?
1
What is the units digit of ((-2)/4)/((-7)/546 + 0)?
9
Let n(b) = -b**3 - 44*b**2 - 177*b + 37. What is the tens digit of n(-40)?
1
What is the units digit of (-11 - -11)*1 + 3179?
9
What is the units digit of (144/(-56))/((-9)/2562)?
2
What is the units digit of (14 - 12)*1/(-6)*-1494?
8
Let q(o) = -9*o - 34. Let v(j) = j**2 - 10*j - 33. Let s(g) = -4*q(g) + 5*v(g). What is the units digit of s(-7)?
4
Suppose 0 = -2*i + 7*i + 50. Suppose 66*a + 313 = 2227. Let y = a - i. What is the tens digit of y?
3
Suppose j - 2*l - 18 - 50 = 0, 266 = 4*j - 2*l. Suppose -3*g + j = -132. Suppose 7*q - g = 4*q. What is the tens digit of q?
2
Let f(m) = -121*m**3 + m - 2. What is the hundreds digit of f(-2)?
9
Suppose -21 = 3*g - 5*c - 98, 0 = -2*c - 8. What is the tens digit of g?
1
Let k = 6766 - 1855. What is the thousands digit of k?
4
Suppose -2*c + 48 = -8*c. What is the units digit of 28/c*(1 + -3)?
7
Let b = -3 + 6. Suppose 2*j - b*j + 6 = 0. Let m(w) = 4*w + 1. What is the tens digit of m(j)?
2
Let m = -44 + 15. Let s = -10 - 3. Let f = s - m. What is the units digit of f?
6
What is the thousands digit of (-115)/(-10)*110 - 0?
1
Suppose -2*d - 2*z = -100, 35 + 35 = d - 4*z. Suppose -2*w + d = -18. What is the tens digit of w?
3
Let m = -66 - -70. Suppose m*v = 2*v + 2*h + 352, 4*v - 680 = -2*h. What is the tens digit of v?
7
Let z = 5 - 1. Suppose 0 = z*o - 2*u - 306, 0 = -0*o + 3*o + 2*u - 247. What is the tens digit of o?
7
Let v(k) = -46*k + 13. Let g be 1/3 + 39/(-9). What is the tens digit of v(g)?
9
Let g(f) = f**2 - 3*f. Suppose 2*h - 5*h + 12 = 0. Let r be g(h). Suppose -5*j + 4*n + 53 = 0, 28 = r*j + 2*n + 2*n. What is the units digit of j?
9
Suppose -19 = -3*v + 5*d, v = 5*d - 0 + 3. What is the units digit of (v - 11)*(-2)/6?
1
What is the tens digit of (-16)/((-768)/27846) - (-2)/(-16)?
8
Suppose 5*k - 5*j = 920, -19 + 375 = 2*k + 4*j. What is the units digit of k?
2
Let c(s) = 63*s**2 - 59*s + 267. What is the tens digit of c(6)?
8
Suppose d = 773 + 100. What is the tens digit of d?
7
What is the units digit of (-1434)/(-10)*4*30/24?
7
Let k = -1003 - -2107. What is the units digit of k?
4
Suppose -8*h + 13532 = -6780. What is the units digit of h?
9
Let t = 78 - 173. Let b = 170 + t. What is the tens digit of b?
7
Suppose -2065 = -7*x + 4*x - 5*p, 8 = 4*p. What is the hundreds digit of x?
6
What is the tens digit of 0 + 577 + (-5 - -11)?
8
Let c = -2422 - -3828. What is the units digit of c?
6
Let h = 2185 - 2117. What is the units digit of h?
8
Suppose -2*t = -t - 33. Let s(d) = -2*d**2 + 3*d - 5. Let p be s(0). Let a = t + p. What is the units digit of a?
8
Let w(y) be the second derivative of -31*y**3/3 - 13*y**2/2 - y. Let g(n) = 31*n + 6. Let f(b) = 5*g(b) + 2*w(b). What is the tens digit of f(2)?
6
Let t be 8 + (-19 - -4)/5. Suppose -f - 25 - 35 = -j, 0 = -t*j + 4*f + 303. What is the tens digit of j?
6
Let n be (-8958)/(-12) + 3/6. Suppose 4*o - 576 = 3*m, -2*o = -7*o - 3*m + n. What is the units digit of o?
7
Let w be (-2)/1 - (6 - 4). Let z be 2 - 0 - 2 - -2. What is the units digit of (w + 0)*(-11)/z?
2
Suppose -j - 22 = -12. Let w(k) = -7*k - 32. What is the tens digit of w(j)?
3
Let l = 11 + -8. Suppose 21 = -l*c + 219. Suppose -y + 2 = 0, 0*p + 4*p - c = -3*y. What is the tens digit of p?
1
Suppose -2*p - 126 = 3*q, -4*p - 17 = -4*q - 205. Let y = 2 + q. Let s = -23 - y. What is the tens digit of s?
1
Let b be 51/12 - 7/28. Suppose 0 = 3*t - 3*j - 9, -b*j + j = -6. Suppose t*v - 46 = -11. What is the units digit of v?
7
Suppose -1024 + 814 = -10*x. What is the units digit of x?
1
Let l = 2713 - 267. What is the tens digit of l?
4
Let y(i) = -i**3 + 1. Let d(h) = -4*h**3 + 3*h + 9. Let x(s) = d(s) - 3*y(s). Suppose -7 = 17*g + 61. What is the units digit of x(g)?
8
Let m = 204 - 141. Suppose m = -5*d + 6*d. What is the tens digit of d?
6
Let m(j) = -j**3 - j**2 + 15*j - 7. Let w be m(-5). What is the units digit of (6/(-27))/1 - (-4180)/w?
2
Suppose 5*s + z = -16, 2*s + 3*s + 4 = -4*z. Let v be (8/s - -42)*1. Let j = v + -19. What is the tens digit of j?
2
Let z(h) = -17*h + 4 + 15*h - 21*h - 25*h. What is the units digit of z(-7)?
0
Let o(p) = -6*p**3 - 2*p**2 + 1. Let s be o(-1). Suppose 160 + 80 = s*r. What is the units digit of r?
8
What is the tens digit of 38 + 11/11 - 11?
2
Let o be (-2 - -1)*(-5 - -2). Suppose -2*n - 26 = -2*k, -k - o*n + 33 = 8. What is the units digit of k?
6
Suppose 0 = 5*f + 4*x - 124, -f + 0*f + 4*x + 20 = 0. Suppose f = -r + 116. What is the units digit of r?
2
Let v be (7/(-14))/((-1)/(-12)). What is the units digit of 75/(1 - 0) - v/3?
7
Let i(x) = -102*x - 184. What is the units digit of i(-25)?
6
Let x(v) = -v**3 - 4*v**2 + 3*v - 6. Let k be x(-5). Let s be (k/3)/(1/3). Suppose -y + 2*l - 125 = -6*y, s*y = -2*l + 102. What is the tens digit of y?
2
Let n = 261 + -268. Let h(u) be the second derivative of u**5/20 + 2*u**4/3 + 7*u**3/6 + 17*u**2/2 - u. What is the tens digit of h(n)?
1
Let b(q) be the first derivative of q**4/4 - 2*q**3/3 - 3*q**2 - 3*q + 7. Let k be b(6). Suppose -k = -4*c - c. What is the tens digit of c?
2
Suppose -144 = -3*m + m. Suppose 5*s - 4*x + 28 = -178, 214 = -5*s - 4*x. Let j = m + s. What is the units digit of j?
0
Let u = -48 + 67. Suppose 70 = -18*z + u*z. What is the tens digit of z?
7
What is the units digit of (71/(-3))/((-23)/1311)?
9
Let y(x) = 34*x**2 + 8*x + 8. Let p be y(-1). Suppose 4*s + 20 = 0, -4*s + 18 = -3*n + 2. Let k = n + p. What is the units digit of k?
2
Suppose -4*b + 3*b - 1021 = -5*t, 2*t - 403 = -5*b. Suppose 25*j - 29*j + t = 0. What is the tens digit of j?
5
What is the tens digit of 0 - 846/(-3) - (-42)/(-14)?
7
Let l be (-1 + (1 - 0))/2. Suppose -3*i + l*o + 28 = -2*o, i - o = 9. Suppose -2*q + i = -0. What is the units digit of q?
5
Let w(c) = -2*c**2 - c. Let l be w(-2). Let f be 2/4 - (-9)/l. What is the units digit of 34 + f + 1*-3?
0
Let a(p) be the third derivative of p**5/60 - 3*p**4/8 + 13*p**3/6 - 12*p**2. What is the tens digit of a(11)?
3
Let y(x) = x**3 - 7*x**2 - 6*x - 13. Let d = -7 - -16. What is the tens digit of y(d)?
9
What is the units digit of 46/(-4)*20/(-50)*15?
9
Suppose -4*t + 3*g = -0 - 24, 0 = -5*t + 4*g + 30. Let p be (4/8)/(1/t). Suppose 7 + 23 = p*m. What is the tens digit of m?
1
Let b(o) = 180*o**3 - 7*o**2 + 3*o + 16. What is the tens digit of b(2)?
3
Let i(z) = 120*z + 15. What is the tens digit of i(4)?
9
Suppose -2*d + a + 895 = 0, -5*d - 2*a + 2245 = -7*a. What is the units digit of d?
6
Let i(d) = 84*d - 14. What is the tens digit of i(22)?
3
Suppose -3*g = -4*q + 647 + 869, 3*q - 5*g = 1137. What is the hundreds digit of q?
3
Let y = 487 - -11. What is the hundreds digit of y?
4
Suppose 0*q + 15 = 3*q. Suppose q*h = -4*m + 36, -3*h - 5*m + 27 = -5. Suppose -41 = -g + h. What is the units digit of g?
5
Suppose -9*h + 12069 + 7047 = 0. What is the units digit of h?
4
Let l be 0/(-2) + (0 - (-4)/2). Suppose -3*r = -i + 66 + 63, -l*r - 359 = -3*i. What is the units digit of i?
7
Suppose -2*o + 22 = 3*y + 112, -5*o + 5*y = 175. Let f = -37 - o. Suppose -f = 47*q - 48*q. What is the units digit of q?
2
Let z = 11 + -8. What is the units digit of (1/(-4))/(z/(-636))?
3
What is the units digit of ((-30)/25)/(4228/(-4220) - -1)?
3
Suppose 1754 = 4*w - 2*g, 3*w + 2*g = -g + 1302. What is the hundreds digit of w?
4
Suppose -u - 3*i = -1296, -2*u - 5*i = -6*u + 5235. What is the tens digit of u?
0
What is the tens digit of 46/207 - (6980/(-18) - 0)?
8
Let m(h) 